t z(b) be the first derivative of 1/3*b**3 - 2 + 3*b + q*b**2. Determine z(-4).
7
Let b be 2 - (-3)/((-9)/(-3)). Let z be b*1*7/(-3). Let s(d) = -7*d + 14. Let g(p) = -2*p + 1. Let w(y) = -4*g(y) + s(y). What is w(z)?
3
Let a(z) = -z + 23. Let n(r) = r**2 + 28*r + 45. Let v be n(-27). Calculate a(v).
5
Let x(r) = -2 - 5 - r - 1. Let y(o) = -2*o - 2. Let f be y(-6). Let k be (54/(-45))/(2/f). Determine x(k).
-2
Let m be ((-1)/(12/20) - -2)*3. Let y be m*4*(-6)/4. Let l(s) = -2*s - 6. Determine l(y).
6
Let q(r) = -r**3 + 7*r**2 - 7*r + 1. Suppose 0 = 5*d + 2*j - 31, -2*d - 4*j + 29 = 7. What is q(d)?
16
Let c be -2*(-1 - (-15)/10). Let b be (3*c)/((-5)/(-5)). Let j(q) be the first derivative of -q**4/4 - 4*q**3/3 - q**2/2 + q + 3. What is j(b)?
-5
Suppose 5*c + c - 6 = 0. Let p(z) = -z - c - 8 + 1 + 1. Suppose -12 = -0*b + 2*b. What is p(b)?
-1
Suppose 37 + 44 = -27*u. Let w(t) = -t**3 - 5*t**2 - 2*t - 1. What is w(u)?
-13
Let k(b) = -4*b. Let j be -5*5/(-50)*(2 - 4). Let m be j - (-5 + -1)/(32/16). Determine k(m).
-8
Suppose 9 + 19 = 5*y - x, 0 = -3*y + 3*x + 24. Let f(l) = 0 + 4*l**3 - 6*l**2 + 5 - 8 + 3*l - 3*l**3. Determine f(y).
-13
Let p(r) = r**3 + r**2 + 10. Let w be p(0). Suppose -u = u - w. Let x(s) = -20*s + 6*s**2 - s**3 - 7*s + 5 + 35*s - 13*s. What is x(u)?
5
Let y(s) be the first derivative of 2*s**3/3 + 11*s**2/2 + 10*s + 118. Determine y(-7).
31
Let n be 4/1 - 7 - -8. Let v(i) = -i**3 + 3*i**2 + 14*i - 11. Calculate v(n).
9
Let x(r) = r**2 + 17*r + 6. Let u(j) = 2*j**2 + 29*j + 11. Let t(d) = -3*u(d) + 5*x(d). Calculate t(-3).
-6
Let z = -1809 - -1803. Let p(m) = -m**2 + 2*m + 2. What is p(z)?
-46
Let i(j) be the first derivative of -j**4/4 - 20*j**3/3 - 19*j**2/2 - 5*j - 134. Calculate i(-19).
-5
Let p(n) = -n**3 - 4*n**2 + 4*n - 10. Suppose -75*h - 389 = -14. Give p(h).
-5
Let r(c) = 5*c**3 + 20*c**2 - 4*c - 16. Let n(f) = f**3 + 4*f**2 - f - 3. Let q(j) = 11*n(j) - 2*r(j). What is q(-5)?
-11
Let o = 326 + -316. Let n(m) = 2*m - 22. Calculate n(o).
-2
Suppose -5*n - 21 = -12*n. Let c be ((-8)/12)/(-1)*n. Let o(u) = u**3 - u**2 - u. Determine o(c).
2
Let q(y) = -y**2 - 7*y + 91. Let c be q(-13). Let j(p) = p**3 - 12*p**2 - 14*p + 17. What is j(c)?
4
Let x(k) be the first derivative of 3*k**2 - 14*k - 11. Let v be x(3). Let r(d) = -d + 1. Determine r(v).
-3
Let f(s) = 1 - 45*s**2 - 41*s**2 + 2*s + 85*s**2. Calculate f(2).
1
Let o(n) = n + 48. Let b(p) = -p**2 - 6*p + 40. Let s be b(-10). Calculate o(s).
48
Suppose 5*k = 3*i - 17, -4*k + 4*i = 6*i - 4. Let s(f) be the first derivative of f**2 - f + 117. Calculate s(k).
-3
Let h(k) = -k - 1. Let q = 217 - 209. What is h(q)?
-9
Suppose 4*u - 4*d + 32 = 0, -34*u = -35*u - 2*d + 1. Let v(s) = -s**2 + 5*s + 6. Determine v(u).
-44
Let b(x) = -32*x**2 + x + 2. Let o(i) = 3*i**2 + 24*i - 28. Let c be o(-9). What is b(c)?
-31
Let d(y) = 2*y + 29. Let p(n) = n + 14. Let m(i) = -2*d(i) + 5*p(i). Suppose 19 + 30 = -7*q. Determine m(q).
5
Let k(o) be the third derivative of o**6/120 + o**4/8 - o**3/2 + 275*o**2. Determine k(2).
11
Let c(v) = v + 22. Let f(o) = -o**3 - 13*o**2 + 16*o + 11. Let t be f(-14). Give c(t).
5
Let x(v) be the first derivative of -v**3/3 + 11*v**2/2 - 2*v + 15. Calculate x(10).
8
Let s(h) be the first derivative of 5/3*h**3 - 2*h - 1/4*h**4 - 9 + h**2. Determine s(5).
8
Let y(v) = -v**2 + 4*v - 1. Let z be y(2). Let t(o) = -2*o - 5*o**2 + 2*o**2 + 1 - o**z + 4*o**2. Suppose 19 = -n - 4*d, 5*n = -2*d - 2 - 3. Calculate t(n).
-1
Let m(h) = h**3 + 5*h**2 + 6*h + 5. Let y be m(-3). Let t(x) = 8 - 4 - x**2 - y*x - 4. Determine t(-5).
0
Let c(p) = 2*p - 4. Let a(b) = 5*b - 13. Let h(x) = -3*a(x) + 8*c(x). Suppose 0*j + 2*j = -36. Let v = j + 15. Calculate h(v).
4
Let r = -1 + 4. Let w(j) be the first derivative of j**4/4 - 2*j**3/3 + j**2 - 3*j + 1. What is w(r)?
12
Let z(w) be the third derivative of -w**6/120 + w**5/15 + w**4/12 + w**3/6 + 3*w**2. Determine z(4).
9
Let r(w) be the first derivative of -10*w**3/3 + w**2/2 + w - 27. Let x = 1 + -2. Give r(x).
-10
Suppose 5*y - 64 = 9*y. Let p = y - -20. Suppose p = -4*i - 16. Let l(r) = r**2 + 3*r + 2. Give l(i).
12
Let u(i) = -i**2 + 2*i. Suppose 3*f + k + 10 = 0, 0*f + 3*k + 16 = -2*f. What is u(f)?
-8
Suppose -4*u + 2 + 2 = 0, -4*y - 5*u = -13. Let q(p) = 0 + p**3 - 4*p**2 + 3 + 4*p**2 - 3*p. What is q(y)?
5
Let a(b) = -4*b + 2. Let x(h) = 3*h - 1. Let s(v) = 2*a(v) + 3*x(v). Let f(w) = 5*w + 11. Let y(k) = f(k) - 4*s(k). What is y(-7)?
0
Let z(t) be the third derivative of -t**6/120 + t**5/60 + t**4/6 - 462*t**2. Determine z(2).
4
Let h(b) = 2*b - 7. Let t(z) = -z + 4. Let d(w) = -6*h(w) - 10*t(w). Let l = 33 - 35. Let k = 7 + l. Calculate d(k).
-8
Let h(r) be the second derivative of -r**3/2 - 11*r**2/2 - 30*r - 3. Give h(-9).
16
Suppose -2*v + 2 = -8. Suppose -4*h + v = 5*r - 7, 5*h = 4*r - 26. Let i(p) = p**3 - 2*p**2 - 2*p - 3. Give i(r).
21
Let f = -50 + 41. Let w(c) = -2*c**3 - 25*c**2 - 11*c - 23. Let j(h) = h**3 + 12*h**2 + 5*h + 11. Let a(u) = f*j(u) - 4*w(u). What is a(-8)?
1
Suppose -5*q = 4 - 19. Suppose -q*h - h = -12. Let c(m) = 3*m + 8*m**2 - 17 + 21 - m**h - 11*m. Calculate c(7).
-3
Let v be (2 - 0)*3*-1. Let x be 4/(-8)*v + 2. Let a(k) = -1 + 0*k + k**2 + 2*k - x*k**2. Determine a(1).
-3
Let f(k) be the third derivative of 13*k**4/24 - 15*k**2 - 3*k. What is f(-1)?
-13
Let s be (0 + -3)/((-6)/14). Let d(b) = 1 - s*b + 6*b + b + 9*b. Calculate d(-1).
-8
Let b(u) = -10*u**3 - u**2 + u + 1. Let g = -4 + 15. Suppose g - 31 = -4*j. Suppose j*c - 15 = -5*h, -3*h + 1 = -c + 8. Determine b(h).
9
Suppose h + 41 = 5*g, 3*g + 5*h = 75 - 28. Let q(v) = v**2 - 5*v - 10. Determine q(g).
26
Let g(p) = -4*p**3 + 48*p**2 + 21*p - 29. Let z(m) = -m**3 + 16*m**2 + 8*m - 10. Let h(f) = 2*g(f) - 7*z(f). What is h(-15)?
-3
Let o(m) = -6*m**2 - 4 - 15*m + 5*m + 7*m**2. Determine o(8).
-20
Let k(x) be the second derivative of 0*x**4 - x + 0*x**3 + 0 - 11/60*x**5 - 5/2*x**2. Let t(h) be the first derivative of k(h). Give t(1).
-11
Let l(s) = 3*s - 5*s + 3*s + 7 + 0. Determine l(-9).
-2
Let s(y) = 32*y**3 - 2*y**2 + y. Suppose -3 = 3*t - 3*l, 5*t - 3*l - 13 = -7*l. Determine s(t).
31
Let o(y) = -y**2 + 3*y + 4. Let k be -1 + -38 + 6 + -3. Let t = -33 - k. Give o(t).
4
Let b = -1969 - -1950. Let p(n) = n**3 + 20*n**2 + 16*n - 49. Give p(b).
8
Let v(w) = w**3 + 2*w**2 - 2. Suppose 17 = 4*j - 11. Suppose 0 = -5*k + j + 3. Give v(k).
14
Let r(p) be the second derivative of p**4/6 + p**3/3 + 7*p**2 - 710*p. What is r(0)?
14
Suppose -5*z - 26 = 4. Let b = 10 + z. Suppose 3*m - 5*m + 8 = -4*n, -b*n - 4*m - 20 = 0. Let q(j) = j**3 + j**2 - 2*j - 3. Give q(n).
-15
Let m(n) be the third derivative of -n**4/24 - n**3/3 + 14*n**2. Suppose -3*l = -4 + 28. What is m(l)?
6
Let t be (-12)/(-2 + 7/((-35)/(-20))). Let p(i) = -i**2 - 7*i - 7. Give p(t).
-1
Let y(m) be the second derivative of 2*m**2 - 3*m + 0 + 1/6*m**3. What is y(-3)?
1
Let h = 53 + -100. Let b = h + 41. Let d(z) = z + 6. Give d(b).
0
Let r = -221 + 217. Let z(g) = -3*g**2 - 12*g - 10. Calculate z(r).
-10
Let r(n) be the second derivative of -n**3/6 - 12*n**2 + 7*n + 29. What is r(-9)?
-15
Let g(q) be the first derivative of q**4/4 + 2*q**3 + 7*q**2/2 - 2*q + 35. Give g(-5).
-12
Suppose -2*i - 2*i + 4*q = -20, 0 = -i - 2*q + 5. Suppose -i*u = -c + 34, c + 19 = -3*u + 3*c. Let s(g) = g**3 + 6*g**2 - 6*g + 8. Calculate s(u).
1
Let o(n) be the third derivative of -n**5/60 - 5*n**4/24 - 5*n**3/6 - 14*n**2. What is o(-3)?
1
Let k(w) = w**3 + 5*w**2 + 3*w - 5. Suppose -10 = -2*q + q. Suppose 0 = -14*a + q*a - 16. Determine k(a).
-1
Let f(m) = 6*m**3 - 9*m**2 - 8*m + 9. Let l(z) = -5*z**3 + 8*z**2 + 7*z - 8. Let b(s) = 4*f(s) + 5*l(s). Suppose 16 = v + 4*q, 3*q - 2*q + 9 = 3*v. Give b(v).
8
Let w(b) = b + 7. Suppose 4*s = -12, 4*s = -5*a - 2 - 0. Suppose -a*z - 2 = -12. What is w(z)?
12
Let b(j) = -j**3 - 6*j**2 - 3*j + 3. Suppose -6 - 34 = 8*s. Determine b(s).
-7
Suppose 20 = -10*z + 30. Let a(q) = -18*q**3 - q**2 - q + 1. What is a(z)?
-19
Let u(y) = y**2 - 12*y + 20. Suppose -4*j = x - 32, 4*j + 60*x - 61*x = 40. Calculate u(j).
-7
Let d = 32 + -34. Let n be (3 + -2)*d/(-2)*-1. Let k(t) = 2*t + 10*t**2 - 3*t - 3*t**2. What is k(n)?
8
Let b(t) = t**3 - 4*t**2 + 3*t + 2. Let s(g) be